-21))
8
2 + -9 + 604 + -563
34
Calculate 0 - (0 + 1) - (866 - 872).
5
What is the value of ((2 - -1) + -1 - -39) + (1517 - 1525)?
33
Calculate (1 + -4 - ((18 - 13) + -12)) + 5.
9
Evaluate (23 - 68 - -27) + (0 - -7).
-11
Calculate -11 - -9 - (-53 + 38).
13
What is (21 - 10) + -9 - (-7 + 1)?
8
What is -234 + 200 + 13 + -1?
-22
What is -5 - (-21 - (-3 - 1)) - (1 + 1)?
10
What is the value of -1 + -3 + (-11 - -8) + 12?
5
What is the value of 11 + (-12 - 13 - -22)?
8
Calculate -2 + -1 + 0 + (-96 - -90) + -13.
-22
What is (71 - 68) + (-2 - -7)?
8
Calculate 0 + 14 - (32 + (14 - 43)).
11
What is 41 - ((5 - 7) + -6 - -21)?
28
Calculate 18 + -4 + (4 - (5 - (-3 - -2))).
12
What is the value of -25 - (-11 - -39 - 18 - 16)?
-19
Calculate 2 + -7 + (-69 - -72).
-2
What is 18 - 24 - (-8 + (2 - (2 - 1)))?
1
Calculate 22 + -9 + -2 + -22 - -1.
-10
Evaluate 17 - (0 + -5 + 0 + (8 - 2)).
16
What is the value of 94 + -187 + 85 - (22 + -1)?
-29
Evaluate 15 + -5 + (5 - (4 - -19)).
-8
What is the value of -24 + (82 + -28 - 23)?
7
2 + 27 - (-24 + 4 + 27)
22
Calculate -2 + -3 + 4 - (9 - 8 - -7).
-9
What is (-6 + 10 - 1) + (-8 - -1) + 22?
18
Evaluate (199 - 165) + -18 + 2.
18
Evaluate (17 - (-12 + 19)) + (4 - -1).
15
Calculate 1 + -22 - 0 - (-28 + 45 + -22).
-16
Evaluate -8 - (-17 + (6 + -6 - -10)).
-1
What is the value of 6 - 3 - (-59 - -52)?
10
What is (-6 - 3) + -7 + 10 + -3?
-9
Calculate 10 + (6 - 2) + -3.
11
Evaluate (18 - -9) + -36 - -16.
7
(-3 - 1) + -20 + (12 - -1)
-11
What is the value of -667 + 648 + -2 + 51?
30
Evaluate 6 - (-4 + 9 + 5).
-4
What is -14 - -5 - -5 - ((-1 - 1) + 2)?
-4
What is 1 + (2 + 19 - 13)?
9
Evaluate (88 - 97) + (0 - -2) + (-2 - 0).
-9
What is the value of -74 + 11 + 35 - -50?
22
-2 + -25 - (-189 + 194)
-32
3 + (7 + -3 - 4) - (1 + 2)
0
What is (0 - (-6 + 4 + -2)) + -4 - -17?
17
What is the value of (0 - -1) + 3 + -35 + -37 + 78?
10
-15 + 6 + -12 - -11
-10
Evaluate -9 + (-15 - -7 - (20 + -9 + -13)).
-15
Evaluate 4 + (4 + 1 - -4) + -14 + 0.
-1
Calculate 0 + -4 + (-250 - -242).
-12
What is the value of -3 - (10 - -2) - (-1 + (-3 - 2))?
-9
Calculate -13 + -2 + (8 - 3).
-10
What is (-45 - -60) + (10 - ((-3 - 1) + 3))?
26
What is 7 - (-11 - -10 - (-12 - -3))?
-1
Calculate (9 + (-13 - -8) - 1) + -15.
-12
Evaluate (-1 - -1) + (3 - 1) - (66 - 62).
-2
What is -10 + (-35 - -33) + 5?
-7
Calculate (-1 - -9) + -1 - (-29 - -21 - -8).
7
(-20 - (26 + -66)) + (3 - 5)
18
Calculate (7 - 3 - 13) + 4 - (7 - 6).
-6
What is the value of 1 - 1 - (-13 + (-4 - -15) - 7)?
9
What is the value of -15 + (2 + -1 - 7) + 1 + 12?
-8
What is -11 + 26 - (23 + 6) - -13?
-1
Calculate 23 + 4 + -8 + (-1 + 11 - 7).
22
-7 - (5 + -19) - (11 - 0)
-4
Evaluate 1 + 4 - (-4 - (-23 + 10)) - -3.
-1
Evaluate -13 + (-2 - (-20 - -6)) + 22.
21
-29 - (-2 - -21 - 30)
-18
Calculate -158 - -160 - (-3 - -1).
4
What is the value of -10 + 39 + -54 + 42?
17
Evaluate (16 - 31) + 31 + -28.
-12
What is the value of -2 + 13 - (-226 + 249)?
-12
-10 - (3 + (-4 - 10) + -12 - 12)
25
Evaluate 39 - (47 - -4) - -31.
19
Calculate 6 + (-1 - -4) - 19 - -25 - -6.
21
Calculate 1 + -3 - (7 - 4).
-5
What is the value of 13 + (0 + -11 - -3)?
5
-10 - (-10 + -5) - (0 - 4)
9
Evaluate 30 + -8 + (-29 - 3).
-10
What is 18 - 31 - -7 - 8?
-14
6 - (-5 + 1) - (29 - 20)
1
What is (-113 - -128) + -21 + 7 + -1?
0
What is the value of -8 - ((-28 - 43) + 37)?
26
What is the value of -61 - (-1 - (14 - -19))?
-27
What is the value of (36 - 27) + -1 - -5?
13
What is the value of 15 + (1 - 0) - (-1 + -21 - -18)?
20
What is the value of -22 - -5 - (10 + -14)?
-13
(-49 - -51) + -2 + 1 + 0 + 1
2
Calculate -1 - 1 - (-719 + 704).
13
Evaluate -3 + -3 + (17 - 18) + 12.
5
Calculate (-15 - -15) + (1 - (-22 - -3)).
20
Evaluate 10 + -9 + (-2 - 0) + (30 - 4).
25
Evaluate -20 + 10 + 2 + (-6 - 1).
-15
What is the value of 11 - (7 - -2) - 5 - 2?
-5
What is the value of 17 + 14 + -44 + -2?
-15
Calculate -14 + 16 + 2 + -11.
-7
What is (3 - -1) + (13 - ((-8 - -42) + -16))?
-1
Evaluate (-318 - -349) + -2 + -41.
-12
Calculate -14 - (3 - ((-1 + 0 - 5) + 13)).
-10
Calculate (-21 - -25) + 0 - (-2 + (-2 - -3)).
5
Calculate 2 + (4 + -17 - 16).
-27
What is 2 + -10 + 8 - (8 + -2)?
-6
What is 22 + 9 + 6 + -24 + -2 + 1?
12
Calculate (-7 - (8 + -7)) + 0.
-8
What is the value of -22 + (-16 - (-28 - -10))?
-20
What is -5 + (-25 - (-12 - 6))?
-12
What is the value of -95 + 85 + (17 - 2)?
5
What is 3 + (4 - -1) - (12 - 10)?
6
What is the value of (10 + -21 - 3) + 5 + -12?
-21
Evaluate (-4 - 20) + 37 - (15 - 0).
-2
Evaluate 1 - (4 + 1 + 2).
-6
52 + -65 + (-3 - (-1 - 4))
-11
What is the value of 8 + (15 - 5 - 7)?
11
What is -26 + -2 + (23 - 7)?
-12
Evaluate -36 + 0 - (151 + -158).
-29
Calculate 20 - (1 + 5 + -11 + 26 + -11).
10
What is the value of (0 - (8 - (3 + -8))) + 1?
-12
Calculate 1 + -1 + 12 - (664 + -643).
-9
What is -1025 + 1077 + (1 - 37)?
16
Calculate 46 - 12 - (20 - -1).
13
What is the value of (-11 + (1 - -6) - 11) + (1 - 2)?
-16
What is the value of (16 - 17) + -14 + 7?
-8
-5 + -10 + 8 - (2 + 2)
-11
What is the value of -14 - (14 + (-23 - -9))?
-14
Calculate 1 + ((0 - 7) + (11 - 18) - -7).
-6
What is -4 - -4 - (376 + -349)?
-27
Calculate 0 + (30 - (62 + -33)).
1
-11 - (21 + -17) - -31
16
What is the value of -5 + -11 - (-4 - (-2 - 3) - 5)?
-12
5 + 11 - (8 + -10 - -1) - 2
15
Calculate -12 - 1 - (97 + -44 - 84).
18
Evaluate 7 + 2 + 1 + 33 + -27.
16
(-21 - 0) + (-525 - -560)
14
Evaluate -32 + (-11 + 19 - -11).
-13
Evaluate -52 + 58 + -1 + -1 - (-8 + 2).
10
11 + (-38 - (14 + -40))
-1
Calculate 5 + (-22 - (-16 - 15 - -14)).
0
What is 12 + 3 + (-10 - 1) + 13?
17
What is the value of 8 + -5 + 11 + -88 + 72?
-2
What is the value of 0 - 0 - (4 + -12 + -13)?
21
Evaluate (3 - (-7 + 4)) + -55 + 68.
19
Evaluate -2 + 12 + (-148 - -123).
-15
Evaluate -5 - 1 - (2 - -3).
-11
What is (6 - (5 + 5)) + -2?
-6
(24 - 13) + ((2 - -5) + 0 - 9)
9
Evaluate (-8 - -11) + -10 - 2 - 6.
-15
What is the value of -15 + (8 - 21 - -6 - -10)?
-12
Calculate (6 + -1 + 3 - (19 + -15)) + 4.
8
Evaluate -19 - (17 - (23 + -6) - (0 - -4)).
-15
What is the value of 0 + 8 - (22 + (-3 - 6) + -8)?
3
-14 + (-8 - -6) - (-9 - 1)
-6
What is 2 - ((17 - 13) + -6 + 2)?
2
What is (1 - (-5 - (5 + -2))) + 9?
18
What is the value of 1 + -15 + 13 + -21 + (18 - 4)?
-8
What is (47 - 11 - 8) + (0 - 5 - 3)?
20
What is the value of -21 - -5 - (115 + -107)?
-24
What is (15 - 7) + 3 - (-3 + 15)?
-1
What is the value of (99 + -67 - 26) + 0 + -29?
-23
Calculate -8 + (-2 - (4 - -3) - -2).
-15
Evaluate -44 - (-2 - 3 - -5 - 13).
-31
(-1 - 2 - 0) + -3 + (-1 - -5)
-2
0 + 24 - (-422 - -452)
-6
19 + (5 - (-10 + 21)) + -4 + 2
11
Calculate 10 - (31 - (4 - (-2 + 1))).
-16
Evaluate -15 - ((1 - 19) + 7).
-4
What is -2 - 7 - 2 - (157 + -165)?
-3
Calculate (638 - 637) + (-1 - 3 - -1).
-2
Evaluate -9 - 4 - (-4 - -4).
-13
What is -10 + -231 + 204 + 19 + -1?
-19
What is the value of (-17 - (16 + -31) - -7) + -1 + -35?
-31
What is the value of 4 + (-6 - -2 - -2) - (-3 - -17)?
-12
0 + (1 - 39) + -4 + 12 + 9
-21
-13 + -11 + (-8 - (7 + -34))
-5
(-1 - (3 + -24)) + -32
-12
Calculate 12 - (-1 + -1 + 11 + 7 + -7).
3
What is the value of -11 + 0 + (-44 + 56 - -14)?
15
What is the value of -4 + 12 - 15 - -10?
3
What is the value of -2 + 2 - (96 - 99)?
3
What is 1 - (-7 - -2) - (-11 + 10)?
7
What is 0 - (-1 + -12 + (-27 - -34))?
6
(-1 - 38) + -73 + 81 - -11
-20
Evaluate 3 - -24 - (18 + (11 - 16) + -11).
25
730 + -758 + -2 + -7 + 1
-36
Calculate 0 + -25 + -31 + 58.
2
(4 - 19) + (-13 - -10 - -6)
-12
Calculate 36 + -23 - (8 + -5 - -6).
4
42 + 1 + -17 - 20
6
What is the value of (3 - -5) + -21 - -20?
7
Evaluate -24 - (-4 - (3 - 9 - -5)).
-21
Evaluate -1 - -7 - ((99 - 47) + -39).
-7
Evaluate -10 + (8 - 0) + (10 - 27) + 0.
-19
Evaluate -6 + 11 + (1 - 2 - 8) - -38.
34
Evaluate -1 + (4 - (0 + 4)) - (1 - 8).
6
-19 - -18 - (-5 - 0) - -4
8
What is the value of -1 - -34 - 36 - -23?
20
What is 42 - 39 - (-7 + 0)?
10
What is the value of -6 + 0 + (1 - 0) + (0 - -4)?
-1
2 - (5 + -19) - (6 + 2) - -15
23
Evaluate -12 + (-8 - -19 - 4) - 8.
-13
15 - (9 - 0) - 6 - 16
-16
What is the value of 23 + (8 - (10 + 11 + -10))?
20
What is 9 - (14 - (-13 + 26 + -8))?
0
What is the value of 10 - 6 - (41 + -25 + (-10 - -2))?
-4
(-49 - -45) + -21 + 8 + -3 + 1
-19
Evaluate -1 + 0 + -3 